Is 3085769 composite?
False
Is 115951289 a prime number?
True
Is 1686521 composite?
True
Is 46805429 a prime number?
False
Is 34731131 composite?
False
Is 6861653 a composite number?
True
Is 68371 a composite number?
False
Is 16419653 a composite number?
True
Is 144961189 a composite number?
True
Is 810854039 prime?
False
Is 9546089 composite?
True
Is 69315266 a prime number?
False
Is 143991131 composite?
False
Is 20647657 composite?
True
Is 23917903 a prime number?
False
Is 36309621 composite?
True
Is 6395489 prime?
True
Is 265019137 a composite number?
True
Is 71038171 composite?
True
Is 176934733 composite?
False
Is 333197 composite?
False
Is 27310601 composite?
False
Is 5102069 prime?
False
Is 54588517 a prime number?
True
Is 3197419 composite?
False
Is 260203 a prime number?
False
Is 205516433 prime?
False
Is 203479 composite?
True
Is 419445137 prime?
True
Is 882397 composite?
True
Is 9301183 a prime number?
False
Is 294199 composite?
False
Is 584578373 prime?
False
Is 324380253 composite?
True
Is 381465827 a prime number?
True
Is 295097981 a prime number?
False
Is 112244201 composite?
False
Is 1094615 prime?
False
Is 9655489 a prime number?
True
Is 4524133 a prime number?
False
Is 49225207 prime?
False
Is 8329993 a prime number?
False
Is 7403023 prime?
True
Is 751481 prime?
True
Is 448380191 prime?
False
Is 4802803 prime?
True
Is 13064119 a composite number?
True
Is 1026119 a composite number?
False
Is 2655313 a composite number?
False
Is 12808589 a composite number?
False
Is 49862903 prime?
True
Is 9286799 prime?
True
Is 6923303 composite?
False
Is 45239177 prime?
True
Is 4485337 a composite number?
True
Is 3571261 composite?
False
Is 8515603 a prime number?
False
Is 257367001 composite?
False
Is 544223 prime?
True
Is 10440151 a prime number?
False
Is 8051 composite?
True
Is 3219967 a prime number?
True
Is 2256251 prime?
True
Is 438067 a composite number?
True
Is 26074319 prime?
False
Is 13555177 a composite number?
False
Is 35086439 a composite number?
False
Is 264671 a composite number?
True
Is 182196533 composite?
False
Is 10471649 a prime number?
True
Is 18515267 composite?
False
Is 17026927 prime?
True
Is 232381 a prime number?
True
Is 5931353 a prime number?
False
Is 21199327 a prime number?
True
Is 289717 a composite number?
False
Is 5667778 a prime number?
False
Is 929939 a prime number?
False
Is 4236391 prime?
False
Is 412023163 a prime number?
True
Is 3467729 composite?
False
Is 10357979 a prime number?
False
Is 9953173 composite?
False
Is 597929 a composite number?
False
Is 1393871 a composite number?
False
Is 51336335 a composite number?
True
Is 545869 a prime number?
False
Is 502585577 composite?
True
Is 288647 a composite number?
False
Is 43392551 a composite number?
True
Is 7964707 composite?
False
Is 970297 a prime number?
True
Is 3283733 a prime number?
False
Is 29591689 prime?
False
Is 67332509 a prime number?
True
Is 60093763 a composite number?
False
Is 1949417 composite?
False
Is 1275611 a prime number?
True
Is 343999 a composite number?
True
Is 5797331 composite?
True
Is 448426967 composite?
True
Is 9091402 a composite number?
True
Is 34511 a composite number?
False
Is 935293577 prime?
True
Is 44773901 prime?
True
Is 16655237 a prime number?
True
Is 155217085 prime?
False
Is 13704599 composite?
False
Is 4051951 composite?
False
Is 5376219 prime?
False
Is 3548395 prime?
False
Is 554821187 composite?
True
Is 11056817 a prime number?
False
Is 1351897 a composite number?
False
Is 2569027 prime?
True
Is 11309279 composite?
False
Is 479955179 a composite number?
True
Is 83329123 composite?
False
Is 41053359 composite?
True
Is 93037 composite?
True
Is 2771513 a prime number?
True
Is 20871617 a prime number?
False
Is 406200389 a composite number?
True
Is 25171127 a composite number?
True
Is 677130119 prime?
True
Is 9044111 a prime number?
True
Is 25580021 a composite number?
False
Is 47949703 composite?
False
Is 48985747 composite?
True
Is 7297181 prime?
True
Is 30586937 composite?
False
Is 2667569 a composite number?
False
Is 1432027 prime?
False
Is 2824667 a prime number?
False
Is 7931347 composite?
False
Is 84231157 a composite number?
False
Is 961657 a composite number?
False
Is 22940063 a composite number?
True
Is 59862469 composite?
True
Is 9821485 composite?
True
Is 143351 a prime number?
False
Is 11886779 a prime number?
True
Is 5404757 a prime number?
False
Is 136377581 composite?
True
Is 747522067 a composite number?
True
Is 21107771 a prime number?
True
Is 2401703 a composite number?
False
Is 25685857 a composite number?
True
Is 6348307 prime?
False
Is 24995233 a composite number?
False
Is 15508163 prime?
False
Is 126257 a prime number?
True
Is 3293507 composite?
True
Is 105939329 a composite number?
False
Is 274349 prime?
True
Is 2031251 composite?
False
Is 45750829 a composite number?
True
Is 16716367 a composite number?
True
Is 16977826 composite?
True
Is 262670561 a composite number?
True
Is 4476939 composite?
True
Is 716531 a composite number?
False
Is 2629897 prime?
True
Is 3549761 a prime number?
False
Is 2614279 composite?
False
Is 406152889 composite?
True
Is 1994791011 a composite number?
True
Is 65462479 prime?
True
Is 321536813 composite?
True
Is 3133331 a prime number?
True
Is 373752347 prime?
True
Is 3249853 composite?
True
Is 377057 prime?
False
Is 383851 prime?
False
Is 97050494 a composite number?
True
Is 550920823 composite?
True
Is 27085177 prime?
False
Is 3572837 a prime number?
False
Is 253133 composite?
False
Is 17826901 a prime number?
True
Is 50323939 a prime number?
True
Is 148571 a composite number?
True
Is 11600243 a prime number?
True
Is 973591 composite?
False
Is 1786831 prime?
True
Is 2210741 a prime number?
False
Is 197045935 prime?
False
Is 7068631 prime?
False
Is 3400949 a composite number?
False
Is 2860177 composite?
False
Is 212647523 prime?
False
Is 19177979 composite?
False
Is 397856605 a composite number?
True
Is 22764811 composite?
True
Is 39609161 prime?
True
Is 55623301 prime?
True
Is 5752729 a composite number?
True
Is 38756387 prime?
False
Is 306109351 a composite number?
False
Is 10742323 composite?
False
Is 56107421 a composite number?
False
Is 37725029 a composite number?
True
Is 307919 a prime number?
True
Is 141651131 composite?
True
Is 11027 composite?
False
Is 268826531 composite?
False
Is 16323233 prime?
False
Is 213537761 prime?
True
Is 5161213 prime?
False
Is 300627377 a composite number?
True
Is 17304197 a composite number?
True
Is 4693067 prime?
True
Is 410608727 a prime number?
False
Is 15154661 composite?
True
Is 749653 a prime number?
True
Is 13259489 composite?
False
Is 7349941 prime?
False
Is 1787134 composite?
True
Is 2373337 a prime number?
True
Is 4859081 composite?
False
Is 7996537 a prime number?
True
Is 17337589 a composite number?
False
Is 3676627 a composite number?
True
Is 35401069 a prime number?
False
Is 96723233 prime?
False
Is 8667193 composite?
True
Is 1944691 prime?
False
Is 54375817 a composite number?
False
Is 27105653 prime?
True
Is 359889 prime?
False
Is 28186603 a composite number?
True
Is 17701189 a prime number?
False
Is 2094167 prime?
True
Is 156471191 composite?
False
Is 29851291 a composite number?
True
Is 565775257 a prime number?
True
Is 56519 a prime number?
True
Is 39784753 prime?
True
Is 9900381 prime?
False
Is 1057313 a prime number?
False
Is 709293239 a prime number?
True
Is 53153249 a prime number?
True
Is 9022867 a prime number?
False
Is 4409747 prime?
True
Is 605237057 composite?
True
Is 21552899 a composite number?
True
Is 79211879 composite?
True
Is 26794 prime?
False
Is 5768369 composite?
False
Is 71993813 prime?
True
Is 199131917 composite?
True
Is 40453 composite?
True
Is 8051131 a prime number?
False
Is 6779551 a prime number?
False
Is 236839399 a composite number?
True
Is 26644945 prime?
False
Is 382127 composite?
True
Is 732799 a prime number?
True
Is 18422777 a composite number?
False
Is 498374663 a composite number?
False
Is 12110789 a composite number?
False
Is 2217091 a prime number?
False
Is 1445845 a prime number?
False
Is 917206385 a composite number?
True
Is 55837 prime?
True
Is 29989097 a prime number?
False
Is 40314887 prime?
False
Is 118819 composite?
False
Is 25502677 a composite number?
True
I